{"id":134,"date":"2025-04-17T05:27:06","date_gmt":"2025-04-17T05:27:06","guid":{"rendered":"https:\/\/kerkuus.com\/?page_id=134"},"modified":"2025-04-19T17:41:07","modified_gmt":"2025-04-19T17:41:07","slug":"politica-de-privadesa","status":"publish","type":"page","link":"https:\/\/kerkuus.com\/es\/politica-de-privadesa\/","title":{"rendered":"Pol\u00edtica de Privacidad"},"content":{"rendered":"<div data-elementor-type=\"wp-page\" data-elementor-id=\"134\" class=\"elementor elementor-134\" data-elementor-post-type=\"page\">\n\t\t\t\t<div class=\"elementor-element elementor-element-bd41acc e-flex e-con-boxed e-con e-parent\" data-id=\"bd41acc\" data-element_type=\"container\" data-e-type=\"container\">\n\t\t\t\t\t<div class=\"e-con-inner\">\n\t\t\t\t<div class=\"elementor-element elementor-element-5827e2f elementor-widget elementor-widget-heading\" data-id=\"5827e2f\" data-element_type=\"widget\" data-e-type=\"widget\" data-widget_type=\"heading.default\">\n\t\t\t\t<div class=\"elementor-widget-container\">\n\t\t\t\t\t<h2 class=\"elementor-heading-title elementor-size-default\">Pol\u00edtica de Privacidad<\/h2>\t\t\t\t<\/div>\n\t\t\t\t<\/div>\n\t\t\t\t<div class=\"elementor-element elementor-element-151585f elementor-widget elementor-widget-text-editor\" data-id=\"151585f\" data-element_type=\"widget\" data-e-type=\"widget\" data-widget_type=\"text-editor.default\">\n\t\t\t\t<div class=\"elementor-widget-container\">\n\t\t\t\t\t\t\t\t\t<p><span style=\"font-weight: 400;\">RESPONSABLE DEL TRATAMIENTO<\/span><\/p><p><span style=\"font-weight: 400;\">El propietario de KERKUUS, JORDI CLARET TERRADAS con DNI 40564088T, con domicilio en c\/ Barcelona 27 (SILS) Tel\u00e9fono 636400979 y mail <\/span><span style=\"font-weight: 400;\">info@kerkuus.com<\/span><\/p><p><span style=\"font-weight: 400;\">FINALIDAD<\/span><\/p><p><span style=\"font-weight: 400;\">La finalidad de la creaci\u00f3n, existencia y mantenimiento es el tratamiento de los datos con los exclusivos fines de cumplir con nuestra relaci\u00f3n comercial, y realizar su facturaci\u00f3n.<\/span><\/p><p><span style=\"font-weight: 400;\">LEGITIMACI\u00d3N<\/span><\/p><p><span style=\"font-weight: 400;\">La base legal para el tratamiento de sus datos es la ejecuci\u00f3n de la relaci\u00f3n comercial entre el titular del dato y el responsable del tratamiento y esta informaci\u00f3n personal se conservar\u00e1 mientras se mantenga la relaci\u00f3n comercial\/contractual o durante el tiempo estrictamente necesario para cumplir con las obligaciones legales.<\/span><\/p><p><span style=\"font-weight: 400;\">PERIODO DE CONSERVACI\u00d3N<\/span><\/p><p><span style=\"font-weight: 400;\">Los datos proporcionados se conservar\u00e1n mientras se mantenga la relaci\u00f3n comercial o durante los a\u00f1os necesarios para cumplir con las obligaciones legales<\/span><\/p><p><span style=\"font-weight: 400;\">DESTINATARIOS<\/span><\/p><p><span style=\"font-weight: 400;\">Mientras dure el tratamiento de los datos del interesado, KERKUUS no ceder\u00e1 los datos a terceros, salvo que exista obligaci\u00f3n legal.<\/span><\/p><p><span style=\"font-weight: 400;\">En los supuestos en que, para la realizaci\u00f3n de tratamientos de tipo administrativo, fiscal, contable y\/o comercial, se cuente con los servicios de terceros, se formalizar\u00e1 debidamente el preceptivo contrato de encargado de tratamiento, con el fin de garantizar la seguridad y la confidencialidad datos del interesado frente a terceros.<\/span><\/p><p><span style=\"font-weight: 400;\">DERECHOS<\/span><\/p><p><span style=\"font-weight: 400;\">Las personas interesadas tienen derecho a acceder a sus datos de car\u00e1cter personal, as\u00ed como a solicitar la rectificaci\u00f3n de datos inexactos o, en su caso, solicitar la supresi\u00f3n cuando, entre otros motivos, los datos ya no sean necesarios para la finalidad de que fueron entregados as\u00ed como retirar el consentimiento otorgado. Tambi\u00e9n puede ejercer su derecho a la limitaci\u00f3n del tratamiento, por lo que sus datos no ser\u00e1n suprimidos pero el tratamiento de los mismos estar\u00e1 sujeto a limitaciones.<\/span><\/p><p><span style=\"font-weight: 400;\">Los ejercicios de portabilidad y automatizaci\u00f3n de decisiones no aplican en este caso por su tipolog\u00eda de datos y tratamiento.<\/span><\/p><h2><span style=\"font-weight: 400;\">Reglamento General de Protecci\u00f3n de Datos (RGPD)<\/span><\/h2><p><span style=\"font-weight: 400;\">En nombre de JORDI CLARET TERRADAS propietario del dominio web\u00a0<\/span><a href=\"https:\/\/kerkuus.com\/es\/\" target=\"_blank\" rel=\"noopener\">www.kerkuus.com<\/a><span style=\"font-weight: 400;\">\u00a0y en virtud de lo que establece el Reglamento General de Protecci\u00f3n de Datos (UE 1679\/2016) le informamos que tratamos los datos que nos facilita en este formulario para poder hacer efectiva su solicitud de informaci\u00f3n. Los datos proporcionados se conservar\u00e1n mientras se realiza el procesamiento de su solicitud y se le da respuesta. Usted tiene derecho a obtener confirmaci\u00f3n sobre si en KERKUUS estamos tratando sus datos personales por tanto tiene derecho a acceder a sus datos personales, rectificar los inexactos o solicitar su supresi\u00f3n cuando ya no sean necesarios.<\/span><\/p>\t\t\t\t\t\t\t\t<\/div>\n\t\t\t\t<\/div>\n\t\t\t\t\t<\/div>\n\t\t\t\t<\/div>\n\t\t<div class=\"elementor-element elementor-element-87ba821 e-flex e-con-boxed e-con e-parent\" data-id=\"87ba821\" data-element_type=\"container\" data-e-type=\"container\">\n\t\t\t\t\t<div class=\"e-con-inner\">\n\t\t\t\t\t<\/div>\n\t\t\t\t<\/div>\n\t\t\t\t<\/div>","protected":false},"excerpt":{"rendered":"<p>Pol\u00edtica de Privadesa RESPONSABLE DEL TRACTAMENT El propietari de KERKUUS, JORDI CLARET TERRADAS amb DNI 40564088T, amb domicili al c\/ Barcelona 27 (SILS) Tel\u00e8fon 636400979 i mail info@kerkuus.com FINALITAT La finalitat de la creaci\u00f3, exist\u00e8ncia i manteniment \u00e9s el tractament de les dades amb els exclusius fins de complir amb la nostra relaci\u00f3 comercial, i [&hellip;]<\/p>","protected":false},"author":1,"featured_media":0,"parent":0,"menu_order":0,"comment_status":"closed","ping_status":"closed","template":"","meta":{"footnotes":""},"class_list":["post-134","page","type-page","status-publish","hentry"],"yoast_head":"<!-- This site is optimized with the Yoast SEO plugin v24.8.1 - https:\/\/yoast.com\/wordpress\/plugins\/seo\/ -->\n<title>Pol\u00edtica de Privadesa - kerkuus.com<\/title>\n<meta name=\"robots\" content=\"index, follow, max-snippet:-1, max-image-preview:large, max-video-preview:-1\" \/>\n<link rel=\"canonical\" href=\"https:\/\/kerkuus.com\/es\/politica-de-privadesa\/\" \/>\n<meta property=\"og:locale\" content=\"es_ES\" \/>\n<meta property=\"og:type\" content=\"article\" \/>\n<meta property=\"og:title\" content=\"Pol\u00edtica de Privadesa - kerkuus.com\" \/>\n<meta property=\"og:description\" content=\"Pol\u00edtica de Privadesa RESPONSABLE DEL TRACTAMENT El propietari de KERKUUS, JORDI CLARET TERRADAS amb DNI 40564088T, amb domicili al c\/ Barcelona 27 (SILS) Tel\u00e8fon 636400979 i mail info@kerkuus.com FINALITAT La finalitat de la creaci\u00f3, exist\u00e8ncia i manteniment \u00e9s el tractament de les dades amb els exclusius fins de complir amb la nostra relaci\u00f3 comercial, i [&hellip;]\" \/>\n<meta property=\"og:url\" content=\"https:\/\/kerkuus.com\/es\/politica-de-privadesa\/\" \/>\n<meta property=\"og:site_name\" content=\"kerkuus.com\" \/>\n<meta property=\"article:modified_time\" content=\"2025-04-19T17:41:07+00:00\" \/>\n<meta name=\"twitter:card\" content=\"summary_large_image\" \/>\n<meta name=\"twitter:label1\" content=\"Tiempo de lectura\" \/>\n\t<meta name=\"twitter:data1\" content=\"3 minutos\" \/>\n<script type=\"application\/ld+json\" class=\"yoast-schema-graph\">{\"@context\":\"https:\/\/schema.org\",\"@graph\":[{\"@type\":\"WebPage\",\"@id\":\"https:\/\/kerkuus.com\/politica-de-privadesa\/\",\"url\":\"https:\/\/kerkuus.com\/politica-de-privadesa\/\",\"name\":\"Pol\u00edtica de Privadesa - kerkuus.com\",\"isPartOf\":{\"@id\":\"https:\/\/www.kerkuus.com\/#website\"},\"datePublished\":\"2025-04-17T05:27:06+00:00\",\"dateModified\":\"2025-04-19T17:41:07+00:00\",\"breadcrumb\":{\"@id\":\"https:\/\/kerkuus.com\/politica-de-privadesa\/#breadcrumb\"},\"inLanguage\":\"es\",\"potentialAction\":[{\"@type\":\"ReadAction\",\"target\":[\"https:\/\/kerkuus.com\/politica-de-privadesa\/\"]}]},{\"@type\":\"BreadcrumbList\",\"@id\":\"https:\/\/kerkuus.com\/politica-de-privadesa\/#breadcrumb\",\"itemListElement\":[{\"@type\":\"ListItem\",\"position\":1,\"name\":\"Home\",\"item\":\"https:\/\/www.kerkuus.com\/\"},{\"@type\":\"ListItem\",\"position\":2,\"name\":\"Pol\u00edtica de Privadesa\"}]},{\"@type\":\"WebSite\",\"@id\":\"https:\/\/www.kerkuus.com\/#website\",\"url\":\"https:\/\/www.kerkuus.com\/\",\"name\":\"kerkuus.com\",\"description\":\"Dissenyem estrat\u00e8gia. Generem clients\",\"publisher\":{\"@id\":\"https:\/\/www.kerkuus.com\/#organization\"},\"potentialAction\":[{\"@type\":\"SearchAction\",\"target\":{\"@type\":\"EntryPoint\",\"urlTemplate\":\"https:\/\/www.kerkuus.com\/?s={search_term_string}\"},\"query-input\":{\"@type\":\"PropertyValueSpecification\",\"valueRequired\":true,\"valueName\":\"search_term_string\"}}],\"inLanguage\":\"es\"},{\"@type\":\"Organization\",\"@id\":\"https:\/\/www.kerkuus.com\/#organization\",\"name\":\"kerkuus.com\",\"url\":\"https:\/\/www.kerkuus.com\/\",\"logo\":{\"@type\":\"ImageObject\",\"inLanguage\":\"es\",\"@id\":\"https:\/\/www.kerkuus.com\/#\/schema\/logo\/image\/\",\"url\":\"https:\/\/kerkuus.com\/wp-content\/uploads\/2025\/04\/Kerkuus-Main-Logo-1.png\",\"contentUrl\":\"https:\/\/kerkuus.com\/wp-content\/uploads\/2025\/04\/Kerkuus-Main-Logo-1.png\",\"width\":1672,\"height\":416,\"caption\":\"kerkuus.com\"},\"image\":{\"@id\":\"https:\/\/www.kerkuus.com\/#\/schema\/logo\/image\/\"}}]}<\/script>\n<!-- \/ Yoast SEO plugin. -->","yoast_head_json":{"title":"Pol\u00edtica de Privadesa - kerkuus.com","robots":{"index":"index","follow":"follow","max-snippet":"max-snippet:-1","max-image-preview":"max-image-preview:large","max-video-preview":"max-video-preview:-1"},"canonical":"https:\/\/kerkuus.com\/es\/politica-de-privadesa\/","og_locale":"es_ES","og_type":"article","og_title":"Pol\u00edtica de Privadesa - kerkuus.com","og_description":"Pol\u00edtica de Privadesa RESPONSABLE DEL TRACTAMENT El propietari de KERKUUS, JORDI CLARET TERRADAS amb DNI 40564088T, amb domicili al c\/ Barcelona 27 (SILS) Tel\u00e8fon 636400979 i mail info@kerkuus.com FINALITAT La finalitat de la creaci\u00f3, exist\u00e8ncia i manteniment \u00e9s el tractament de les dades amb els exclusius fins de complir amb la nostra relaci\u00f3 comercial, i [&hellip;]","og_url":"https:\/\/kerkuus.com\/es\/politica-de-privadesa\/","og_site_name":"kerkuus.com","article_modified_time":"2025-04-19T17:41:07+00:00","twitter_card":"summary_large_image","twitter_misc":{"Tiempo de lectura":"3 minutos"},"schema":{"@context":"https:\/\/schema.org","@graph":[{"@type":"WebPage","@id":"https:\/\/kerkuus.com\/politica-de-privadesa\/","url":"https:\/\/kerkuus.com\/politica-de-privadesa\/","name":"Pol\u00edtica de Privadesa - kerkuus.com","isPartOf":{"@id":"https:\/\/www.kerkuus.com\/#website"},"datePublished":"2025-04-17T05:27:06+00:00","dateModified":"2025-04-19T17:41:07+00:00","breadcrumb":{"@id":"https:\/\/kerkuus.com\/politica-de-privadesa\/#breadcrumb"},"inLanguage":"es","potentialAction":[{"@type":"ReadAction","target":["https:\/\/kerkuus.com\/politica-de-privadesa\/"]}]},{"@type":"BreadcrumbList","@id":"https:\/\/kerkuus.com\/politica-de-privadesa\/#breadcrumb","itemListElement":[{"@type":"ListItem","position":1,"name":"Home","item":"https:\/\/www.kerkuus.com\/"},{"@type":"ListItem","position":2,"name":"Pol\u00edtica de Privadesa"}]},{"@type":"WebSite","@id":"https:\/\/www.kerkuus.com\/#website","url":"https:\/\/www.kerkuus.com\/","name":"kerkuus.com","description":"Dise\u00f1amos estrategia. Generamos clientes","publisher":{"@id":"https:\/\/www.kerkuus.com\/#organization"},"potentialAction":[{"@type":"SearchAction","target":{"@type":"EntryPoint","urlTemplate":"https:\/\/www.kerkuus.com\/?s={search_term_string}"},"query-input":{"@type":"PropertyValueSpecification","valueRequired":true,"valueName":"search_term_string"}}],"inLanguage":"es"},{"@type":"Organization","@id":"https:\/\/www.kerkuus.com\/#organization","name":"kerkuus.com","url":"https:\/\/www.kerkuus.com\/","logo":{"@type":"ImageObject","inLanguage":"es","@id":"https:\/\/www.kerkuus.com\/#\/schema\/logo\/image\/","url":"https:\/\/kerkuus.com\/wp-content\/uploads\/2025\/04\/Kerkuus-Main-Logo-1.png","contentUrl":"https:\/\/kerkuus.com\/wp-content\/uploads\/2025\/04\/Kerkuus-Main-Logo-1.png","width":1672,"height":416,"caption":"kerkuus.com"},"image":{"@id":"https:\/\/www.kerkuus.com\/#\/schema\/logo\/image\/"}}]}},"_links":{"self":[{"href":"https:\/\/kerkuus.com\/es\/wp-json\/wp\/v2\/pages\/134","targetHints":{"allow":["GET"]}}],"collection":[{"href":"https:\/\/kerkuus.com\/es\/wp-json\/wp\/v2\/pages"}],"about":[{"href":"https:\/\/kerkuus.com\/es\/wp-json\/wp\/v2\/types\/page"}],"author":[{"embeddable":true,"href":"https:\/\/kerkuus.com\/es\/wp-json\/wp\/v2\/users\/1"}],"replies":[{"embeddable":true,"href":"https:\/\/kerkuus.com\/es\/wp-json\/wp\/v2\/comments?post=134"}],"version-history":[{"count":16,"href":"https:\/\/kerkuus.com\/es\/wp-json\/wp\/v2\/pages\/134\/revisions"}],"predecessor-version":[{"id":225,"href":"https:\/\/kerkuus.com\/es\/wp-json\/wp\/v2\/pages\/134\/revisions\/225"}],"wp:attachment":[{"href":"https:\/\/kerkuus.com\/es\/wp-json\/wp\/v2\/media?parent=134"}],"curies":[{"name":"wp","href":"https:\/\/api.w.org\/{rel}","templated":true}]}}

Política de Privacidad

<div data-elementor-type="wp-page" data-elementor-id="134" class="elementor elementor-134" data-elementor-post-type="page">
				<div class="elementor-element elementor-element-bd41acc e-flex e-con-boxed e-con e-parent" data-id="bd41acc" data-element_type="container" data-e-type="container">
					<div class="e-con-inner">
				<div class="elementor-element elementor-element-5827e2f elementor-widget elementor-widget-heading" data-id="5827e2f" data-element_type="widget" data-e-type="widget" data-widget_type="heading.default">
				<div class="elementor-widget-container">
					<h2 class="elementor-heading-title elementor-size-default">Política de Privacidad</h2>				</div>
				</div>
				<div class="elementor-element elementor-element-151585f elementor-widget elementor-widget-text-editor" data-id="151585f" data-element_type="widget" data-e-type="widget" data-widget_type="text-editor.default">
				<div class="elementor-widget-container">
									<p><span style="font-weight: 400;">RESPONSABLE DEL TRATAMIENTO</span></p><p><span style="font-weight: 400;">El propietario de KERKUUS, JORDI CLARET TERRADAS con DNI 40564088T, con domicilio en c/ Barcelona 27 (SILS) Teléfono 636400979 y mail </span><span style="font-weight: 400;">info@kerkuus.com</span></p><p><span style="font-weight: 400;">FINALIDAD</span></p><p><span style="font-weight: 400;">La finalidad de la creación, existencia y mantenimiento es el tratamiento de los datos con los exclusivos fines de cumplir con nuestra relación comercial, y realizar su facturación.</span></p><p><span style="font-weight: 400;">LEGITIMACIÓN</span></p><p><span style="font-weight: 400;">La base legal para el tratamiento de sus datos es la ejecución de la relación comercial entre el titular del dato y el responsable del tratamiento y esta información personal se conservará mientras se mantenga la relación comercial/contractual o durante el tiempo estrictamente necesario para cumplir con las obligaciones legales.</span></p><p><span style="font-weight: 400;">PERIODO DE CONSERVACIÓN</span></p><p><span style="font-weight: 400;">Los datos proporcionados se conservarán mientras se mantenga la relación comercial o durante los años necesarios para cumplir con las obligaciones legales</span></p><p><span style="font-weight: 400;">DESTINATARIOS</span></p><p><span style="font-weight: 400;">Mientras dure el tratamiento de los datos del interesado, KERKUUS no cederá los datos a terceros, salvo que exista obligación legal.</span></p><p><span style="font-weight: 400;">En los supuestos en que, para la realización de tratamientos de tipo administrativo, fiscal, contable y/o comercial, se cuente con los servicios de terceros, se formalizará debidamente el preceptivo contrato de encargado de tratamiento, con el fin de garantizar la seguridad y la confidencialidad datos del interesado frente a terceros.</span></p><p><span style="font-weight: 400;">DERECHOS</span></p><p><span style="font-weight: 400;">Las personas interesadas tienen derecho a acceder a sus datos de carácter personal, así como a solicitar la rectificación de datos inexactos o, en su caso, solicitar la supresión cuando, entre otros motivos, los datos ya no sean necesarios para la finalidad de que fueron entregados así como retirar el consentimiento otorgado. También puede ejercer su derecho a la limitación del tratamiento, por lo que sus datos no serán suprimidos pero el tratamiento de los mismos estará sujeto a limitaciones.</span></p><p><span style="font-weight: 400;">Los ejercicios de portabilidad y automatización de decisiones no aplican en este caso por su tipología de datos y tratamiento.</span></p><h2><span style="font-weight: 400;">Reglamento General de Protección de Datos (RGPD)</span></h2><p><span style="font-weight: 400;">En nombre de JORDI CLARET TERRADAS propietario del dominio web </span><a href="https://kerkuus.com/es/" target="_blank" rel="noopener">www.kerkuus.com</a><span style="font-weight: 400;"> y en virtud de lo que establece el Reglamento General de Protección de Datos (UE 1679/2016) le informamos que tratamos los datos que nos facilita en este formulario para poder hacer efectiva su solicitud de información. Los datos proporcionados se conservarán mientras se realiza el procesamiento de su solicitud y se le da respuesta. Usted tiene derecho a obtener confirmación sobre si en KERKUUS estamos tratando sus datos personales por tanto tiene derecho a acceder a sus datos personales, rectificar los inexactos o solicitar su supresión cuando ya no sean necesarios.</span></p>								</div>
				</div>
					</div>
				</div>
		<div class="elementor-element elementor-element-87ba821 e-flex e-con-boxed e-con e-parent" data-id="87ba821" data-element_type="container" data-e-type="container">
					<div class="e-con-inner">
					</div>
				</div>
				</div>

<p>Política de Privadesa RESPONSABLE DEL TRACTAMENT El propietari de KERKUUS, JORDI CLARET TERRADAS amb DNI 40564088T, amb domicili al c/ Barcelona 27 (SILS) Telèfon 636400979 i mail info@kerkuus.com FINALITAT La finalitat de la creació, existència i manteniment és el tractament de les dades amb els exclusius fins de complir amb la nostra relació comercial, i [&hellip;]</p>

<!-- This site is optimized with the Yoast SEO plugin v24.8.1 - https://yoast.com/wordpress/plugins/seo/ -->
<title>Política de Privadesa - kerkuus.com</title>
<meta name="robots" content="index, follow, max-snippet:-1, max-image-preview:large, max-video-preview:-1" />
<link rel="canonical" href="https://kerkuus.com/es/politica-de-privadesa/" />
<meta property="og:locale" content="es_ES" />
<meta property="og:type" content="article" />
<meta property="og:title" content="Política de Privadesa - kerkuus.com" />
<meta property="og:description" content="Política de Privadesa RESPONSABLE DEL TRACTAMENT El propietari de KERKUUS, JORDI CLARET TERRADAS amb DNI 40564088T, amb domicili al c/ Barcelona 27 (SILS) Telèfon 636400979 i mail info@kerkuus.com FINALITAT La finalitat de la creació, existència i manteniment és el tractament de les dades amb els exclusius fins de complir amb la nostra relació comercial, i [&hellip;]" />
<meta property="og:url" content="https://kerkuus.com/es/politica-de-privadesa/" />
<meta property="og:site_name" content="kerkuus.com" />
<meta property="article:modified_time" content="2025-04-19T17:41:07+00:00" />
<meta name="twitter:card" content="summary_large_image" />
<meta name="twitter:label1" content="Tiempo de lectura" />
	<meta name="twitter:data1" content="3 minutos" />
<script type="application/ld+json" class="yoast-schema-graph">{"@context":"https://schema.org","@graph":[{"@type":"WebPage","@id":"https://kerkuus.com/politica-de-privadesa/","url":"https://kerkuus.com/politica-de-privadesa/","name":"Política de Privadesa - kerkuus.com","isPartOf":{"@id":"https://www.kerkuus.com/#website"},"datePublished":"2025-04-17T05:27:06+00:00","dateModified":"2025-04-19T17:41:07+00:00","breadcrumb":{"@id":"https://kerkuus.com/politica-de-privadesa/#breadcrumb"},"inLanguage":"es","potentialAction":[{"@type":"ReadAction","target":["https://kerkuus.com/politica-de-privadesa/"]}]},{"@type":"BreadcrumbList","@id":"https://kerkuus.com/politica-de-privadesa/#breadcrumb","itemListElement":[{"@type":"ListItem","position":1,"name":"Home","item":"https://www.kerkuus.com/"},{"@type":"ListItem","position":2,"name":"Política de Privadesa"}]},{"@type":"WebSite","@id":"https://www.kerkuus.com/#website","url":"https://www.kerkuus.com/","name":"kerkuus.com","description":"Dissenyem estratègia. Generem clients","publisher":{"@id":"https://www.kerkuus.com/#organization"},"potentialAction":[{"@type":"SearchAction","target":{"@type":"EntryPoint","urlTemplate":"https://www.kerkuus.com/?s={search_term_string}"},"query-input":{"@type":"PropertyValueSpecification","valueRequired":true,"valueName":"search_term_string"}}],"inLanguage":"es"},{"@type":"Organization","@id":"https://www.kerkuus.com/#organization","name":"kerkuus.com","url":"https://www.kerkuus.com/","logo":{"@type":"ImageObject","inLanguage":"es","@id":"https://www.kerkuus.com/#/schema/logo/image/","url":"https://kerkuus.com/wp-content/uploads/2025/04/Kerkuus-Main-Logo-1.png","contentUrl":"https://kerkuus.com/wp-content/uploads/2025/04/Kerkuus-Main-Logo-1.png","width":1672,"height":416,"caption":"kerkuus.com"},"image":{"@id":"https://www.kerkuus.com/#/schema/logo/image/"}}]}</script>
<!-- / Yoast SEO plugin. -->

Política de Privadesa - kerkuus.com

Política de Privadesa RESPONSABLE DEL TRACTAMENT El propietari de KERKUUS, JORDI CLARET TERRADAS amb DNI 40564088T, amb domicili al c/ Barcelona 27 (SILS) Telèfon 636400979 i mail info@kerkuus.com FINALITAT La finalitat de la creació, existència i manteniment és el tractament de les dades amb els exclusius fins de complir amb la nostra relació comercial, i [&hellip;]

Política de Privadesa

Diseñamos estrategia. Generamos clientes
